-16).
8
Let f(s) = -s**3 + 7*s**2 + 14*s - 1. What is f(8)?
47
Let y(h) = -67*h + 8777. Calculate y(131).
0
Let o(y) = 49*y - 219. Determine o(21).
810
Let y(x) = -x**2 + 12*x - 34. Give y(7).
1
Let p(s) = -s**3 + 17*s**2 - 236*s + 3523. Calculate p(16).
3
Let b(i) = -2*i**3 + 7*i**2 + 84*i - 328. Determine b(4).
-8
Let z(g) = -411*g + 7403. Give z(18).
5
Let c(u) = 11335*u + 56657. Calculate c(-5).
-18
Let b(v) = -6*v**2 + 157*v + 120. Calculate b(27).
-15
Let m(c) = c**2 - 10*c + 11. Give m(3).
-10
Let j(y) = 53*y - 45. Give j(1).
8
Let p(b) = 1306*b + 62684. Calculate p(-48).
-4
Let b(o) = o**3 + 23*o**2 + 55*o + 585. What is b(-22)?
-141
Let r(c) = -c - 24. Determine r(12).
-36
Let f(b) = b**3 + b**2 + 7*b + 6. Determine f(-4).
-70
Let t(q) = q + 13. Give t(-34).
-21
Let h(g) = g**2 + 1012*g - 7032. What is h(7)?
101
Let d(a) = -21*a + 95. What is d(-7)?
242
Let p(m) = 2*m**3 + 101*m**2 - 1005*m - 134. Give p(-59).
-16
Let d(a) = 105*a + 16. What is d(-1)?
-89
Let g(k) = 2136*k + 4303. Calculate g(-2).
31
Let h(t) = -t**2 + 35*t + 204. Calculate h(-5).
4
Let r(y) = y**3 + 9*y**2 + 33*y + 63. Determine r(-5).
-2
Let i(k) = k**2 - 28*k - 29. Determine i(24).
-125
Let j(z) = 1260*z - 396897. What is j(315)?
3
Let q(n) = -10*n - 644. Determine q(28).
-924
Let b(r) = 17*r - 1637. What is b(97)?
12
Let r(j) = -2*j**2 + 49*j - 143. Determine r(3).
-14
Let i(x) = 31*x + 196. What is i(10)?
506
Let i(n) = 3*n**3 - 35*n**2 - 64*n + 153. What is i(13)?
-3
Let j(g) = 330*g - 780. What is j(6)?
1200
Let c(a) = a**2 + 183*a - 7873. What is c(-219)?
11
Let k(i) = -63*i + 83. Determine k(-7).
524
Let n(r) = -176*r + 10719. Give n(61).
-17
Let o(m) = -644*m + 257. Determine o(0).
257
Let s(f) = 5*f**2 + 953*f - 8976. Calculate s(9).
6
Let v(x) = -x**3 + 13*x**2 + 18*x - 41. Determine v(14).
15
Let w(q) = q**3 + 2*q**2 - 73*q + 201. What is w(3)?
27
Let s(q) = -q**3 - 10*q**2 - 17*q - 7. Give s(-8).
1
Let d(m) = 109*m + 1633. What is d(-15)?
-2
Let m(c) = 995*c + 2991. Determine m(-3).
6
Let o(g) = -g**2 + 163*g - 4299. Determine o(129).
87
Let u(r) = -r**3 + 4*r**2 + 29*r - 123. Determine u(5).
-3
Let r(v) = 3*v**3 + 105*v**2 + 5*v + 81. What is r(-35)?
-94
Let o(g) = 139*g - 4368. What is o(31)?
-59
Let w(p) = p**3 - 44*p**2 + 3*p + 12. What is w(44)?
144
Let m(d) = -7*d**3 - 11*d**2 - 3*d + 4. Calculate m(-2).
22
Let n(h) = -51*h**2 - 1517*h + 389. What is n(-30)?
-1
Let b(m) = m**2 - 18*m - 1008. What is b(-24)?
0
Let i(q) = 5427*q - 287625. Calculate i(53).
6
Let w(h) = -3*h**2 + 20*h - 10. Calculate w(-10).
-510
Let d(b) = 8*b - 259. What is d(33)?
5
Let o(p) = -2*p**2 - 255*p + 3965. Determine o(14).
3
Let b(a) = -891*a + 8895. Determine b(10).
-15
Let n(c) = c**3 + 19*c**2 + 38*c - 32. Calculate n(-17).
-100
Let r(p) = 4*p**2 - 39*p - 19. Give r(11).
36
Let u(t) = -t**3 + 19*t**2 - 8*t + 117. Determine u(19).
-35
Let h(x) = x**2 + 17*x + 34. Determine h(-7).
-36
Let o(n) = 105*n + 235. Give o(-4).
-185
Let x(f) = 66*f - 994. Calculate x(10).
-334
Let u(k) = -48*k**3 - 22*k**2 - 7*k - 3. What is u(-2)?
307
Let s(o) = o**2 - 104*o - 87. What is s(0)?
-87
Let q(r) = -5*r**2 + 7*r + 4. Give q(6).
-134
Let n(m) = 86*m**3 - 5*m - 4. Calculate n(-1).
-85
Let t(l) = 3*l**3 - 305*l**2 - 410*l - 215. Give t(103).
-9
Let h(r) = 50*r + 75. Calculate h(5).
325
Let y(h) = -h**3 - 33*h**2 + 24*h - 345. Determine y(-34).
-5
Let x(s) = 11*s**2 + 37*s + 98. Calculate x(-3).
86
Let l(m) = m**2 - 405*m - 2432. Give l(-6).
34
Let z(i) = -30*i + 323. What is z(0)?
323
Let n(x) = 21*x + 170. Calculate n(-16).
-166
Let p(d) = 37*d - 103. What is p(4)?
45
Let j(v) = 2*v**3 - 29*v**2 - 18*v + 59. Calculate j(15).
14
Let v(g) = -11*g**2 - 130*g + 8. Calculate v(-12).
-16
Let j(y) = y**3 - 13*y**2 + 5*y - 73. Give j(12).
-157
Let c(h) = 300*h - 104402. What is c(348)?
-2
Let p(w) = -104*w + 12908. What is p(124)?
12
Let u(g) = 27*g + 1633. Calculate u(-62).
-41
Let f(i) = i**2 + 34*i - 475. What is f(12)?
77
Let p(t) = -27*t**2 - 49*t + 47. Determine p(1).
-29
Let v(o) = 4318*o - 17253. What is v(4)?
19
Let x(s) = s**3 - 5*s**2 - 16*s + 28. Determine x(8).
92
Let z(t) = -8*t**2 - 772*t - 386. Give z(-96).
-2
Let b(i) = -3*i**3 - 55*i**2 + 17*i - 30. Determine b(-19).
369
Let p(g) = 79*g**2 - 948*g + 10. Give p(12).
10
Let f(o) = o**2 - 20*o + 52. Calculate f(17).
1
Let m(b) = b**3 - 285*b**2 + 2773*b - 6333. Give m(275).
-8
Let z(m) = -m**3 + 59*m**2 - 641*m - 269. Calculate z(15).
16
Let k(o) = -67*o**2 + 269*o - 30. Determine k(4).
-26
Let b(s) = -4*s**2 + 163*s + 1186. What is b(47)?
11
Let c(q) = 1029*q + 26750. What is c(-26)?
-4
Let k(o) = 70*o + 544. What is k(-8)?
-16
Let v(w) = -w**3 - 5*w**2 + 56*w + 70. Determine v(-9).
-110
Let t(q) = q**2 + 81*q + 678. What is t(-12)?
-150
Let i(j) = j**3 + 22*j**2 + 55*j - 2. What is i(-19)?
36
Let m(o) = -o**3 + 11*o**2 - 2*o - 17. Calculate m(6).
151
Let z(k) = 3*k**2 - 33*k - 13. Give z(11).
-13
Let y(g) = 67*g - 8017. Calculate y(120).
23
Let m(d) = -398*d - 2381. Give m(-6).
7
Let m(l) = l**2 - 4*l - 12. Calculate m(-12).
180
Let d(k) = -56*k - 6218. Determine d(-111).
-2
Let j(y) = -y**3 - 21*y**2 - 105*y + 50. Determine j(-11).
-5
Let m(r) = r**3 + 258*r**2 + 766*r + 254. Calculate m(-255).
-1
Let y(h) = 82*h + 1002. Determine y(-12).
18
Let g(a) = -3*a**3 - 136*a**2 - 175*a + 38. Determine g(-44).
-6
Let m(n) = -n**2 - 60*n + 627. Give m(12).
-237
Let a(s) = -287*s - 1731. What is a(-6)?
-9
Let n(t) = 87*t + 1171. Determine n(-10).
301
Let m(v) = 10*v**2 + 28*v - 89. What is m(3)?
85
Let j(x) = -990*x - 8943. What is j(-9)?
-33
Let w(f) = 37*f + 31. Determine w(-1).
-6
Let u(q) = -48*q + 403. Calculate u(9).
-29
Let j(g) = 6*g**3 - 314*g**2 + 1744*g + 187. What is j(46)?
3
Let f(p) = p**2 + 35*p - 416. What is f(-46)?
90
Let t(r) = -r**3 + 6*r**2 - 2*r - 8. Calculate t(-3).
79
Let m(h) = -2*h**3 + 18*h**2 + 27*h + 192. Give m(11).
5
Let r(g) = -g**2 + 11*g - 4. Calculate r(13).
-30
Let b(y) = -3*y**2 - 23*y + 233. Determine b(8).
-143
Let p(m) = -771*m + 8574. Determine p(11).
93
Let i(l) = -5*l**2 + 122*l + 54. Give i(25).
-21
Let j(m) = -137*m + 2448. Give j(18).
-18
Let i(j) = j**3 - 17*j**2 - 273*j - 20. What is i(-10)?
10
Let q(r) = -6*r + 2. Determine q(-31).
188
Let r(b) = -2*b**2 + 128*b + 671. Determine r(-5).
-19
Let u(y) = -y**3 - 22*y**2 - 114*y - 1. Give u(-13).
-40
Let d(y) = 8*y**3 - 2*y**2 - y. Give d(-1).
-9
Let h(k) = -3*k**3 + k**2 - 32*k - 72. What is h(-2)?
20
Let w(a) = 53*a - 560. What is w(10)?
-30
Let y(u) = 8*u**2 - 367*u - 3501. Determine y(54).
9
Let o(p) = 8594*p + 25804. Give o(-3).
22
Let s(k) = -14*k**2 - 19*k + 39. Determine s(3).
-144
Let a(o) = -2*o**3 + 2*o**2 - 11*o + 9. Determine a(2).
-21
Let z(v) = 2*v - 179. Calculate z(9).
-161
Let y(k) = 13*k**3 + 144*k**2 + 14*k + 24. Calculate y(-11).
-9
Let o(u) = 57*u + 1604. Determine o(-28).
8
Let n(j) = 191*j + 609. What is n(-5)?
-346
Let u(s) = -4*s**2 - 74*s + 33. Give u(-19).
-5
Let n(c) = -36*c + 24. Determine n(0).
24
Let d(y) = -y**3 + 24*y**2 + 270*y - 134. Calculate d(-9).
109
Let l(f) = -14*f**2 + 460*f + 38. Determine l(33).
-28
Let t(u) = -u**3 - u**2 + 10*u + 20. What is t(-5)?
70
Let i(d) = -11*d**2 - 38*d + 2. Determine i(-7).
-271
Let v(t) = 74*t + 70. Calculate v(3).
292
Let r(k) = k**3 + 36*k**2 + 10*k + 362. Determine r(-36).
2
Let y(l) = l**3 + 16*l**2 - 16*l + 34. What is y(-17)?
17
Let l(s) = -s**3 - 73*s**2 - 76*s - 302. What is l(-72)?
-14
Let k(w) = w**3 - 57*w**2 + 434*w - 13. What is k(9)?
5
Let r(s) = 20*s**2 - 136*s - 35. Calculate r(7).
-7
Let k(n) = 6*n**3 + 490*n**2 + 308*n - 1321. What is k(-81)?
-25
Let k(v) = 24*v**2 + 160*v - 16. Calculate k(-7).
40
Let j(i) = 4*i**2 + 51*i + 450. Determine j(-11).
373
Let x(c) = 6*c - 170. What is x(11)?
-104
Let k(g) = 3*g**3 - 18*g**2 + 24*g - 71. Determine k(5).
-26
Let x(r) = 49*r**3 - 389*r**2 - 26*r + 5. What is x(8)?
-11
Let q(z) = -7*z**2 + 73*z + 79. Determine q(-1).
-1
Let q(l) = 14*l**3 + 88*l**2 + 22*l + 12. Determine q(-6).
24
Let t(s) = -21*s + 681. Calculate t(32).
9
Let i(h) = -253*h + 8118. What is i(32)?
22
Let i(k) = 3*k**2 + 209*k + 3119. Calculate i(-48).
-1
Let t(q) = 1225*q - 4861. What is t(4)?
39
Let s(h) = h**3 - 11*h**2 + 47*h + 13. Deter